digit of 4878227?
8
What is the ten thousands digit of 319220?
1
What is the tens digit of 59536?
3
What is the units digit of 1931115?
5
What is the hundreds digit of 505388?
3
What is the millions digit of 1702416?
1
What is the hundred thousands digit of 14220024?
2
What is the ten thousands digit of 25932178?
3
What is the thousands digit of 619657?
9
What is the tens digit of 4359325?
2
What is the tens digit of 175153?
5
What is the units digit of 1162176?
6
What is the thousands digit of 292028?
2
What is the hundreds digit of 194233?
2
What is the tens digit of 462559?
5
What is the thousands digit of 2465524?
5
What is the millions digit of 5236457?
5
What is the thousands digit of 666626?
6
What is the hundred thousands digit of 1324490?
3
What is the tens digit of 4524802?
0
What is the hundreds digit of 203541?
5
What is the units digit of 10172387?
7
What is the tens digit of 407387?
8
What is the hundred thousands digit of 222266?
2
What is the hundred thousands digit of 3587162?
5
What is the tens digit of 816652?
5
What is the thousands digit of 1584374?
4
What is the units digit of 20706772?
2
What is the hundred thousands digit of 1456266?
4
What is the ten thousands digit of 24943?
2
What is the tens digit of 431792?
9
What is the thousands digit of 362492?
2
What is the millions digit of 2394688?
2
What is the units digit of 1509926?
6
What is the hundreds digit of 331482?
4
What is the tens digit of 2356707?
0
What is the units digit of 682279?
9
What is the units digit of 3067955?
5
What is the units digit of 524695?
5
What is the millions digit of 6743786?
6
What is the hundred thousands digit of 17560031?
5
What is the hundreds digit of 69927?
9
What is the hundred thousands digit of 8295036?
2
What is the thousands digit of 109641?
9
What is the ten thousands digit of 647048?
4
What is the units digit of 2857150?
0
What is the tens digit of 2085744?
4
What is the thousands digit of 8811970?
1
What is the ten thousands digit of 73289?
7
What is the hundreds digit of 1588128?
1
What is the hundred thousands digit of 166879?
1
What is the units digit of 9506678?
8
What is the units digit of 35396?
6
What is the tens digit of 3145983?
8
What is the tens digit of 252044?
4
What is the tens digit of 7304043?
4
What is the thousands digit of 191994?
1
What is the millions digit of 7673993?
7
What is the hundreds digit of 130339?
3
What is the thousands digit of 182235?
2
What is the units digit of 2072541?
1
What is the hundred thousands digit of 307998?
3
What is the ten thousands digit of 9441266?
4
What is the millions digit of 5226383?
5
What is the ten millions digit of 11384584?
1
What is the tens digit of 567572?
7
What is the units digit of 655876?
6
What is the units digit of 5209217?
7
What is the thousands digit of 22796816?
6
What is the ten thousands digit of 400841?
0
What is the millions digit of 2131523?
2
What is the hundreds digit of 566471?
4
What is the ten millions digit of 10293232?
1
What is the hundreds digit of 544056?
0
What is the thousands digit of 317591?
7
What is the millions digit of 3864139?
3
What is the ten thousands digit of 212646?
1
What is the units digit of 1886404?
4
What is the tens digit of 893919?
1
What is the hundred thousands digit of 621681?
6
What is the ten thousands digit of 350350?
5
What is the hundreds digit of 251352?
3
What is the millions digit of 1478637?
1
What is the ten thousands digit of 326046?
2
What is the hundreds digit of 216505?
5
What is the ten thousands digit of 1414814?
1
What is the hundreds digit of 1275137?
1
What is the units digit of 109232?
2
What is the hundreds digit of 740233?
2
What is the thousands digit of 104994?
4
What is the thousands digit of 10248911?
8
What is the units digit of 298632?
2
What is the tens digit of 255503?
0
What is the hundreds digit of 239763?
7
What is the hundreds digit of 505449?
4
What is the millions digit of 8564800?
8
What is the thousands digit of 2464530?
4
What is the units digit of 1382857?
7
What is the ten thousands digit of 2074189?
7
What is the tens digit of 3893201?
0
What is the thousands digit of 18011576?
1
What is the hundred thousands digit of 1284376?
2
What is the ten thousands digit of 2926897?
2
What is the hundreds digit of 6611660?
6
What is the hundred thousands digit of 8283104?
2
What is the thousands digit of 1091215?
1
What is the thousands digit of 103157?
3
What is the thousands digit of 22764690?
4
What is the hundred thousands digit of 702072?
7
What is the tens digit of 164301?
0
What is the units digit of 188141?
1
What is the hundreds digit of 26738747?
7
What is the tens digit of 1529065?
6
What is the hundreds digit of 202521?
5
What is the millions digit of 3777369?
3
What is the hundreds digit of 33815?
8
What is the thousands digit of 7888305?
8
What is the thousands digit of 3406965?
6
What is the hundred thousands digit of 422910?
4
What is the units digit of 1011535?
5
What is the ten thousands digit of 666457?
6
What is the hundreds digit of 806388?
3
What is the ten thousands digit of 40975?
4
What is the ten thousands digit of 840342?
4
What is the tens digit of 992236?
3
What is the ten thousands digit of 3329331?
2
What is the millions digit of 1262248?
1
What is the thousands digit of 187069?
7
What is the tens digit of 2016350?
5
What is the units digit of 23821444?
4
What is the hundreds digit of 10790641?
6
What is the thousands digit of 202270?
2
What is the tens digit of 1344100?
0
What is the tens digit of 416206?
0
What is the tens digit of 1545523?
2
What is the thousands digit of 308737?
8
What is the millions digit of 6721990?
6
What is the tens digit of 1163216?
1
What is the thousands digit of 411686?
1
What is the hundreds digit of 237399?
3
What is the hundred thousands digit of 3106045?
1
What is the hundreds digit of 108433?
4
What is the thousands digit of 3448809?
8
What is the ten thousands digit of 302775?
0
What is the thousands digit of 423121?
3
What is the thousands digit of 11433390?
3
What is the hundreds digit of 17660164?
1
What is the units digit of 2017088?
8
What is the hundred thousands digit of 624238?
6
What is the thousands digit of 269105?
9
What is the tens digit of 98027?
2
What is the millions digit of 1908778?
1
What is the units digit of 31995046?
6
What is the hundreds digit of 8229775?
7
What is the millions digit of 2722920?
2
What is the units digit of 1375448?
8
What is the thousands digit of 5156?
5
What is the units digit of 1600407?
7
What is the ten thousands digit of 423926?
2
What is the thousands digit of 4459351?
9
What is the thousands digit of 202888?
2
What is the millions digit of 1148911?
1
What is the ten thousands digit of 9801510?
0
What is the units digit of 945040?
0
What is the tens digit of 21018658?
5
What is the tens digit of 1104709?
0
What is the units digit of 29997047?
7
What is the ten thousands digit of 968912?
6
What is the thousands digit of 7333501?
3
What is the hundred thousands digit of 3629019?
6
What is the hundreds digit of 8712464?
4
What is the hundreds digit of 31825?
8
What is the units digit of 1811990?
0
What is the thousands digit of 321297?
1
What is the thousands digit of 109795?
9
What is the hundreds digit of 2960529?
5
What is the millions digit of 11357601?
1
What is the hundreds digit of 399615?
6
What is the tens digit of 6977906?
0
What is the millions digit of 10698957?
0
What is the thousands digit of 185907?
5
What is the units digit of 277609?
9
What is the hundred thousands digit of 112585?
1
What is the millions digit of 12490759?
2
What is the hundreds digit of 786096?
0
What is the thousands digit of 4093969?
3
What is the tens digit of 2776439?
3
What is the ten millions digit of 18752359?
1
What is the ten thousands digit of 7085867?
8
What is the ten thousands digit of 4236317?
3
What is the ten thousands digit of 386259?
8
What is the hundreds digit of 65043?
0
What is the tens digit of 323925?
2
What is the hundred thousands digit of 2446219?
4
What is the ten thousands digit of 405986?
0
What is the units digit of 11363103?
3
What is the units digit of 78674?
4
What is the ten thousands digit of 1048409?
4
What is the millions digit of 1550162?
1
What